{"id":152,"date":"2022-10-17T13:45:04","date_gmt":"2022-10-17T13:45:04","guid":{"rendered":"https:\/\/campingcaravan.com.ar\/?page_id=152"},"modified":"2022-10-27T17:27:04","modified_gmt":"2022-10-27T17:27:04","slug":"plano","status":"publish","type":"page","link":"https:\/\/campingcaravan.com.ar\/?page_id=152","title":{"rendered":"Plano"},"content":{"rendered":"\t\t<div data-elementor-type=\"wp-page\" data-elementor-id=\"152\" class=\"elementor elementor-152\">\n\t\t\t\t\t\t\t\t\t<section class=\"elementor-section elementor-top-section elementor-element elementor-element-d79f47a elementor-section-boxed elementor-section-height-default elementor-section-height-default\" data-id=\"d79f47a\" data-element_type=\"section\">\n\t\t\t\t\t\t<div class=\"elementor-container elementor-column-gap-default\">\n\t\t\t\t\t<div class=\"elementor-column elementor-col-100 elementor-top-column elementor-element elementor-element-53aa450\" data-id=\"53aa450\" data-element_type=\"column\">\n\t\t\t<div class=\"elementor-widget-wrap elementor-element-populated\">\n\t\t\t\t\t\t\t\t<div class=\"elementor-element elementor-element-8092278 elementor-widget elementor-widget-image\" data-id=\"8092278\" data-element_type=\"widget\" data-widget_type=\"image.default\">\n\t\t\t\t<div class=\"elementor-widget-container\">\n\t\t\t<style>\/*! elementor - v3.10.0 - 09-01-2023 *\/\n.elementor-widget-image{text-align:center}.elementor-widget-image a{display:inline-block}.elementor-widget-image a img[src$=\".svg\"]{width:48px}.elementor-widget-image img{vertical-align:middle;display:inline-block}<\/style>\t\t\t\t\t\t\t\t\t\t\t\t<img loading=\"lazy\" decoding=\"async\" width=\"1024\" height=\"576\" src=\"https:\/\/campingcaravan.com.ar\/wp-content\/uploads\/2022\/10\/Mapa-Caravan-2-1-1024x576.jpg\" class=\"attachment-large size-large wp-image-674\" alt=\"\" srcset=\"https:\/\/campingcaravan.com.ar\/wp-content\/uploads\/2022\/10\/Mapa-Caravan-2-1-1024x576.jpg 1024w, https:\/\/campingcaravan.com.ar\/wp-content\/uploads\/2022\/10\/Mapa-Caravan-2-1-300x169.jpg 300w, https:\/\/campingcaravan.com.ar\/wp-content\/uploads\/2022\/10\/Mapa-Caravan-2-1-768x432.jpg 768w, https:\/\/campingcaravan.com.ar\/wp-content\/uploads\/2022\/10\/Mapa-Caravan-2-1.jpg 1280w\" sizes=\"auto, (max-width: 1024px) 100vw, 1024px\" \/>\t\t\t\t\t\t\t\t\t\t\t\t\t\t\t<\/div>\n\t\t\t\t<\/div>\n\t\t\t\t<div class=\"elementor-element elementor-element-2b4af22 elementor-widget elementor-widget-text-editor\" data-id=\"2b4af22\" data-element_type=\"widget\" data-widget_type=\"text-editor.default\">\n\t\t\t\t<div class=\"elementor-widget-container\">\n\t\t\t<style>\/*! elementor - v3.10.0 - 09-01-2023 *\/\n.elementor-widget-text-editor.elementor-drop-cap-view-stacked .elementor-drop-cap{background-color:#818a91;color:#fff}.elementor-widget-text-editor.elementor-drop-cap-view-framed .elementor-drop-cap{color:#818a91;border:3px solid;background-color:transparent}.elementor-widget-text-editor:not(.elementor-drop-cap-view-default) .elementor-drop-cap{margin-top:8px}.elementor-widget-text-editor:not(.elementor-drop-cap-view-default) .elementor-drop-cap-letter{width:1em;height:1em}.elementor-widget-text-editor .elementor-drop-cap{float:left;text-align:center;line-height:1;font-size:50px}.elementor-widget-text-editor .elementor-drop-cap-letter{display:inline-block}<\/style>\t\t\t\t<p>9 Bungalows para 4 personas<\/p><p>1 Bungalow para 3 personas<\/p><p>1 Duplex para 6 personas<\/p><p>2 Caba\u00f1as Glamping hasta 4 personas con BA\u00d1O PRIVADO<\/p><p>1 Dormi para 4 personas con BA\u00d1O PRIVADO<\/p><p>15 Lotes para Rodante \/ Carpa hasta 6 personas con BA\u00d1O PRIVADO.<\/p>\t\t\t\t\t\t<\/div>\n\t\t\t\t<\/div>\n\t\t\t\t\t<\/div>\n\t\t<\/div>\n\t\t\t\t\t\t\t<\/div>\n\t\t<\/section>\n\t\t\t\t\t\t\t<\/div>\n\t\t","protected":false},"excerpt":{"rendered":"<p>9 Bungalows para 4 personas 1 Bungalow para 3 personas 1 Duplex para 6 personas 2 Caba\u00f1as Glamping hasta 4 personas con BA\u00d1O PRIVADO 1 Dormi para 4 personas con BA\u00d1O PRIVADO 15 Lotes para Rodante \/ Carpa hasta 6 personas con BA\u00d1O PRIVADO.<\/p>\n","protected":false},"author":1,"featured_media":0,"parent":0,"menu_order":0,"comment_status":"closed","ping_status":"closed","template":"","meta":{"site-sidebar-layout":"no-sidebar","site-content-layout":"page-builder","ast-global-header-display":"","ast-main-header-display":"","ast-hfb-above-header-display":"","ast-hfb-below-header-display":"","ast-hfb-mobile-header-display":"","site-post-title":"disabled","ast-breadcrumbs-content":"","ast-featured-img":"disabled","footer-sml-layout":"","theme-transparent-header-meta":"","adv-header-id-meta":"","stick-header-meta":"","header-above-stick-meta":"","header-main-stick-meta":"","header-below-stick-meta":"","footnotes":""},"class_list":["post-152","page","type-page","status-publish","hentry"],"_links":{"self":[{"href":"https:\/\/campingcaravan.com.ar\/index.php?rest_route=\/wp\/v2\/pages\/152","targetHints":{"allow":["GET"]}}],"collection":[{"href":"https:\/\/campingcaravan.com.ar\/index.php?rest_route=\/wp\/v2\/pages"}],"about":[{"href":"https:\/\/campingcaravan.com.ar\/index.php?rest_route=\/wp\/v2\/types\/page"}],"author":[{"embeddable":true,"href":"https:\/\/campingcaravan.com.ar\/index.php?rest_route=\/wp\/v2\/users\/1"}],"replies":[{"embeddable":true,"href":"https:\/\/campingcaravan.com.ar\/index.php?rest_route=%2Fwp%2Fv2%2Fcomments&post=152"}],"version-history":[{"count":13,"href":"https:\/\/campingcaravan.com.ar\/index.php?rest_route=\/wp\/v2\/pages\/152\/revisions"}],"predecessor-version":[{"id":1088,"href":"https:\/\/campingcaravan.com.ar\/index.php?rest_route=\/wp\/v2\/pages\/152\/revisions\/1088"}],"wp:attachment":[{"href":"https:\/\/campingcaravan.com.ar\/index.php?rest_route=%2Fwp%2Fv2%2Fmedia&parent=152"}],"curies":[{"name":"wp","href":"https:\/\/api.w.org\/{rel}","templated":true}]}}