{"id":394,"date":"2022-10-18T16:50:10","date_gmt":"2022-10-18T16:50:10","guid":{"rendered":"https:\/\/campingcaravan.com.ar\/?page_id=394"},"modified":"2024-01-11T23:01:33","modified_gmt":"2024-01-11T23:01:33","slug":"servicios","status":"publish","type":"page","link":"https:\/\/campingcaravan.com.ar\/?page_id=394","title":{"rendered":"Servicios"},"content":{"rendered":"\t\t<div data-elementor-type=\"wp-page\" data-elementor-id=\"394\" class=\"elementor elementor-394\">\n\t\t\t\t\t\t\t\t\t<section class=\"elementor-section elementor-top-section elementor-element elementor-element-6540102 elementor-section-boxed elementor-section-height-default elementor-section-height-default\" data-id=\"6540102\" data-element_type=\"section\">\n\t\t\t\t\t\t<div class=\"elementor-container elementor-column-gap-default\">\n\t\t\t\t\t<div class=\"elementor-column elementor-col-100 elementor-top-column elementor-element elementor-element-50c8d40\" data-id=\"50c8d40\" data-element_type=\"column\">\n\t\t\t<div class=\"elementor-widget-wrap elementor-element-populated\">\n\t\t\t\t\t\t\t\t<div class=\"elementor-element elementor-element-018030f elementor-arrows-position-inside elementor-pagination-position-outside elementor-widget elementor-widget-image-carousel\" data-id=\"018030f\" data-element_type=\"widget\" data-settings=\"{&quot;slides_to_show&quot;:&quot;1&quot;,&quot;navigation&quot;:&quot;both&quot;,&quot;autoplay&quot;:&quot;yes&quot;,&quot;pause_on_hover&quot;:&quot;yes&quot;,&quot;pause_on_interaction&quot;:&quot;yes&quot;,&quot;autoplay_speed&quot;:5000,&quot;infinite&quot;:&quot;yes&quot;,&quot;effect&quot;:&quot;slide&quot;,&quot;speed&quot;:500}\" data-widget_type=\"image-carousel.default\">\n\t\t\t\t<div class=\"elementor-widget-container\">\n\t\t\t<style>\/*! elementor - v3.10.0 - 09-01-2023 *\/\n.elementor-widget-image-carousel .swiper-container{position:static}.elementor-widget-image-carousel .swiper-container .swiper-slide figure{line-height:inherit}.elementor-widget-image-carousel .swiper-slide{text-align:center}.elementor-image-carousel-wrapper:not(.swiper-container-initialized) .swiper-slide{max-width:calc(100% \/ var(--e-image-carousel-slides-to-show, 3))}<\/style>\t\t<div class=\"elementor-image-carousel-wrapper swiper-container\" dir=\"ltr\">\n\t\t\t<div class=\"elementor-image-carousel swiper-wrapper swiper-image-stretch\">\n\t\t\t\t\t\t\t\t<div class=\"swiper-slide\"><figure class=\"swiper-slide-inner\"><img decoding=\"async\" class=\"swiper-slide-image\" src=\"https:\/\/campingcaravan.com.ar\/wp-content\/uploads\/elementor\/thumbs\/casa-Home-2-pwehqva2g4nqa92kn1ffm2fmsc9bgiykxmqul9mqkg.jpg\" alt=\"casa Home\" \/><\/figure><\/div><div class=\"swiper-slide\"><figure class=\"swiper-slide-inner\"><img decoding=\"async\" class=\"swiper-slide-image\" src=\"https:\/\/campingcaravan.com.ar\/wp-content\/uploads\/elementor\/thumbs\/lavandas-home-pweest5nb3h0a74ly70v9tx9t70cxzwwcosj7avwn4.jpg\" alt=\"lavandas home\" \/><\/figure><\/div><div class=\"swiper-slide\"><figure class=\"swiper-slide-inner\"><img decoding=\"async\" class=\"swiper-slide-image\" src=\"https:\/\/campingcaravan.com.ar\/wp-content\/uploads\/elementor\/thumbs\/casas-home-pweelphjo5r0k9fzf4icfmfw8e0isbpwpjcgo1eznk.jpg\" alt=\"casas home\" \/><\/figure><\/div><div class=\"swiper-slide\"><figure class=\"swiper-slide-inner\"><img decoding=\"async\" class=\"swiper-slide-image\" src=\"https:\/\/campingcaravan.com.ar\/wp-content\/uploads\/elementor\/thumbs\/camp-home-pweelmo13nn5lfk2vlagq55ig8ef58epp5e087j668.jpg\" alt=\"camp home\" \/><\/figure><\/div><div class=\"swiper-slide\"><figure class=\"swiper-slide-inner\"><img decoding=\"async\" class=\"swiper-slide-image\" src=\"https:\/\/campingcaravan.com.ar\/wp-content\/uploads\/elementor\/thumbs\/IMG_6431-scaled-pwclec5a9qdkp94peym04h2ikhwl7ttkb4qsgnvwg0.jpg\" alt=\"IMG_6431\" \/><\/figure><\/div><div class=\"swiper-slide\"><figure class=\"swiper-slide-inner\"><img decoding=\"async\" class=\"swiper-slide-image\" src=\"https:\/\/campingcaravan.com.ar\/wp-content\/uploads\/elementor\/thumbs\/IMG_6426-scaled-pwcle5kexw4kfze9hdrm50qaest0py3fy86e3q5nnk.jpg\" alt=\"IMG_6426\" \/><\/figure><\/div><div class=\"swiper-slide\"><figure class=\"swiper-slide-inner\"><img decoding=\"async\" class=\"swiper-slide-image\" src=\"https:\/\/campingcaravan.com.ar\/wp-content\/uploads\/elementor\/thumbs\/IMG_6386-scaled-pwclcz9oecinxj3pcdheitejogli3kfisetji9wdfk.jpg\" alt=\"IMG_6386\" \/><\/figure><\/div><div class=\"swiper-slide\"><figure class=\"swiper-slide-inner\"><img decoding=\"async\" class=\"swiper-slide-image\" src=\"https:\/\/campingcaravan.com.ar\/wp-content\/uploads\/elementor\/thumbs\/IMG_6342-scaled-pwclbsyxuswrf2t57d76wm2sy4dzh6rlmlgowtn37k.jpg\" alt=\"IMG_6342\" \/><\/figure><\/div>\t\t\t<\/div>\n\t\t\t\t\t\t\t\t\t\t\t\t<div class=\"swiper-pagination\"><\/div>\n\t\t\t\t\t\t\t\t\t\t\t\t\t<div class=\"elementor-swiper-button elementor-swiper-button-prev\">\n\t\t\t\t\t\t<i aria-hidden=\"true\" class=\"eicon-chevron-left\"><\/i>\t\t\t\t\t\t<span class=\"elementor-screen-only\">Anterior<\/span>\n\t\t\t\t\t<\/div>\n\t\t\t\t\t<div class=\"elementor-swiper-button elementor-swiper-button-next\">\n\t\t\t\t\t\t<i aria-hidden=\"true\" class=\"eicon-chevron-right\"><\/i>\t\t\t\t\t\t<span class=\"elementor-screen-only\">Siguiente<\/span>\n\t\t\t\t\t<\/div>\n\t\t\t\t\t\t\t\t\t<\/div>\n\t\t\t\t<\/div>\n\t\t\t\t<\/div>\n\t\t\t\t\t<\/div>\n\t\t<\/div>\n\t\t\t\t\t\t\t<\/div>\n\t\t<\/section>\n\t\t\t\t<section class=\"elementor-section elementor-top-section elementor-element elementor-element-2f38844 elementor-section-boxed elementor-section-height-default elementor-section-height-default\" data-id=\"2f38844\" data-element_type=\"section\">\n\t\t\t\t\t\t<div class=\"elementor-container elementor-column-gap-default\">\n\t\t\t\t\t<div class=\"elementor-column elementor-col-100 elementor-top-column elementor-element elementor-element-f48ec6b\" data-id=\"f48ec6b\" data-element_type=\"column\">\n\t\t\t<div class=\"elementor-widget-wrap elementor-element-populated\">\n\t\t\t\t\t\t\t\t<div class=\"elementor-element elementor-element-23adf21 elementor-widget elementor-widget-text-editor\" data-id=\"23adf21\" data-element_type=\"widget\" data-widget_type=\"text-editor.default\">\n\t\t\t\t<div class=\"elementor-widget-container\">\n\t\t\t<style>\/*! elementor - v3.10.0 - 09-01-2023 *\/\n.elementor-widget-text-editor.elementor-drop-cap-view-stacked .elementor-drop-cap{background-color:#818a91;color:#fff}.elementor-widget-text-editor.elementor-drop-cap-view-framed .elementor-drop-cap{color:#818a91;border:3px solid;background-color:transparent}.elementor-widget-text-editor:not(.elementor-drop-cap-view-default) .elementor-drop-cap{margin-top:8px}.elementor-widget-text-editor:not(.elementor-drop-cap-view-default) .elementor-drop-cap-letter{width:1em;height:1em}.elementor-widget-text-editor .elementor-drop-cap{float:left;text-align:center;line-height:1;font-size:50px}.elementor-widget-text-editor .elementor-drop-cap-letter{display:inline-block}<\/style>\t\t\t\t<p><strong><u>INFORMACION Y NORMAS DE CONVIVENCIA<\/u><\/strong><\/p>\n<ul>\n<li>Es obligaci\u00f3n de hu\u00e9sped registrarse en el libro de pasajeros. La administraci\u00f3n se reserva el derecho de admisi\u00f3n y permanencia.<\/li>\n<li>El Check-in es a partir de las 15 hs. Despu\u00e9s de haber pasado la noche, a las 12 hs deber\u00e1 realizar el Check-out. Si el hu\u00e9sped ingresa por la tarde o noche, no modifica el valor, ni el horario estipulado.<\/li>\n<li>Las visitas las autorizara la administraci\u00f3n de acuerdo a la disponibilidad del camping. Se abonara \u00bd estadia. No se permite que la visita permanezca despu\u00e9s de las 23 hs.<\/li>\n<li>Para alojarse en Glamping o Bungalows m\u00ednimo de 2 noches.<\/li>\n<li>No se permite escuchar m\u00fasica en la zona de acampe y bosque. Solo con auriculares. Las guitarreadas o sonido de instrumentos no deber\u00e1n alterar el silencio de los vecinos. Toda actividad de bajo volumen ser\u00e1 suspendida a las 23 horas.<\/li>\n<li>Las mascotas son bienvenidas en el predio si no molestan a otros acampantes. Por favor traer correa y ser responsables con sus residuos.<\/li>\n<li>Los fogones se pueden realizar en las zonas permitidas, ya que al encontrarse en un bosque es necesario sea seguro. Los matafuegos se encuentran ubicados&nbsp;cercano a los mismos.<\/li>\n<li>Para el lavado de vajilla y ropa se deber\u00e1 utilizar los sectores indicados.<\/li>\n<li>El predio cuenta con vigilancia nocturna. Asimismo, el Caravan declina de toda responsabilidad por perdidas, robos o accidentes que puedan ocurrir a cosas o personas.<\/li>\n<li>La administraci\u00f3n retendr\u00e1 los datos de tarjeta de cr\u00e9dito del hu\u00e9sped por posibles faltantes o roturas en bungalows o caba\u00f1as. Sepan comprender.<\/li>\n<li>La circulaci\u00f3n de autos, motos o cuatriciclos deber\u00e1 ser lo mas silenciosa posible para no molestar a los dem\u00e1s hu\u00e9spedes.<\/li>\n<li>La empresa no se responsabiliza por da\u00f1os provocados por incidentes climaticos (caidas de ramas, granizo, vientos, etc).<\/li>\n<li>Horario de pileta: 10:00 a 13:00 hs. y de 14:00 a 18:00 hs. Menores de 12 a\u00f1os acompa\u00f1ados por un mayor.<\/li>\n<\/ul>\n<p><strong><u>POLITICA DE RESERVAS Y CANCELACIONES<\/u><\/strong><\/p>\n<ul>\n<li>Se reserva con el 50% de la estad\u00eda por transferencia o dep\u00f3sito bancario, el otro 50% restante deber\u00e1 ser abonado en el momento del check in\/ingreso en efectivo, d\u00e9bito o mercado pago..<\/li>\n<li>Para mantener la tarifa se deber\u00e1 abonar el 100%.&nbsp;<\/li>\n<li>En caso de cancelaciones no se devuelve la se\u00f1a o la totalidad de la reserva pero si se reconoce los d\u00edas de estad\u00eda para poder reprogramar en fechas disponibles.<br><\/li>\n<li>Tarifas sujetas a modificaciones.<\/li>\n<\/ul>\t\t\t\t\t\t<\/div>\n\t\t\t\t<\/div>\n\t\t\t\t\t<\/div>\n\t\t<\/div>\n\t\t\t\t\t\t\t<\/div>\n\t\t<\/section>\n\t\t\t\t\t\t\t<\/div>\n\t\t","protected":false},"excerpt":{"rendered":"<p>Anterior Siguiente INFORMACION Y NORMAS DE CONVIVENCIA Es obligaci\u00f3n de hu\u00e9sped registrarse en el libro de pasajeros. La administraci\u00f3n se reserva el derecho de admisi\u00f3n y permanencia. El Check-in es a partir de las 15 hs. Despu\u00e9s de haber pasado la noche, a las 12 hs deber\u00e1 realizar el Check-out. Si el hu\u00e9sped ingresa por &hellip;<\/p>\n<p class=\"read-more\"> <a class=\"\" href=\"https:\/\/campingcaravan.com.ar\/?page_id=394\"> <span class=\"screen-reader-text\">Servicios<\/span> Leer m\u00e1s &raquo;<\/a><\/p>\n","protected":false},"author":1,"featured_media":0,"parent":0,"menu_order":0,"comment_status":"closed","ping_status":"closed","template":"","meta":{"site-sidebar-layout":"no-sidebar","site-content-layout":"page-builder","ast-global-header-display":"","ast-main-header-display":"","ast-hfb-above-header-display":"","ast-hfb-below-header-display":"","ast-hfb-mobile-header-display":"","site-post-title":"disabled","ast-breadcrumbs-content":"","ast-featured-img":"disabled","footer-sml-layout":"","theme-transparent-header-meta":"","adv-header-id-meta":"","stick-header-meta":"","header-above-stick-meta":"","header-main-stick-meta":"","header-below-stick-meta":"","footnotes":""},"class_list":["post-394","page","type-page","status-publish","hentry"],"_links":{"self":[{"href":"https:\/\/campingcaravan.com.ar\/index.php?rest_route=\/wp\/v2\/pages\/394","targetHints":{"allow":["GET"]}}],"collection":[{"href":"https:\/\/campingcaravan.com.ar\/index.php?rest_route=\/wp\/v2\/pages"}],"about":[{"href":"https:\/\/campingcaravan.com.ar\/index.php?rest_route=\/wp\/v2\/types\/page"}],"author":[{"embeddable":true,"href":"https:\/\/campingcaravan.com.ar\/index.php?rest_route=\/wp\/v2\/users\/1"}],"replies":[{"embeddable":true,"href":"https:\/\/campingcaravan.com.ar\/index.php?rest_route=%2Fwp%2Fv2%2Fcomments&post=394"}],"version-history":[{"count":43,"href":"https:\/\/campingcaravan.com.ar\/index.php?rest_route=\/wp\/v2\/pages\/394\/revisions"}],"predecessor-version":[{"id":1502,"href":"https:\/\/campingcaravan.com.ar\/index.php?rest_route=\/wp\/v2\/pages\/394\/revisions\/1502"}],"wp:attachment":[{"href":"https:\/\/campingcaravan.com.ar\/index.php?rest_route=%2Fwp%2Fv2%2Fmedia&parent=394"}],"curies":[{"name":"wp","href":"https:\/\/api.w.org\/{rel}","templated":true}]}}